ate the remainder when (0 - 93)/(-3) - 0 is divided by 7.
3
Suppose -5*u - 3 = 12. Let w(n) = -3*n + 2. What is the remainder when 20 is divided by w(u)?
9
Suppose 2*m = -0*a + 5*a + 66, -106 = -4*m - 3*a. Calculate the remainder when 82 is divided by m.
26
Let f be (-2 + 0)/(10/(-25)). Suppose -134 = -f*l - 14. What is the remainder when l is divided by 13?
11
Suppose 0 = 5*b - 13 - 7. Suppose b*w + 4*t = 4, -14 = -2*w - 0*w + 4*t. What is the remainder when (-13)/(-2) + (-2)/(-4) is divided by w?
1
Suppose 4*d = 3*g - 63, 0*g - g + 22 = -d. Suppose -l - g = -6*l. What is the remainder when 17 is divided by l?
2
Suppose 3*i + 7*z - 253 = 3*z, -4*i + 339 = 5*z. What is the remainder when i is divided by 31?
29
Calculate the remainder when (2/(-6))/((-1266)/(-423) - 3) is divided by 5.
2
Let k(b) = 3*b**2 - 11*b - 5. Calculate the remainder when k(7) is divided by 33.
32
Suppose -6*k = -11*k - 10. What is the remainder when -45*(k + (-15)/(-9)) is divided by 6?
3
What is the remainder when 77 is divided by (-4)/(-16) - (-206)/8?
25
Calculate the remainder when (174/(-4))/(18/(-24)) is divided by 15.
13
Suppose 4*f - 2 = -5*d - 0, -5*d - 19 = -3*f. Suppose -4*k + 19 = -f*w, 0*k + 25 = 5*k - 5*w. What is the remainder when 12*k*3/6 is divided by 13?
11
What is the remainder when 30 is divided by 22 + -5 + 2 + -3?
14
Let b = 2 + 3. Let l be (3*2)/(3 + -2). Suppose 2*y - l = -y. Calculate the remainder when b is divided by y.
1
Let n(i) = -i - 8. Let y be n(-6). Let d be (-1 - 1)/(y + 0). Let t = d + 2. Calculate the remainder when 7 is divided by t.
1
Let y(t) = t**2 - 4*t - 2. What is the remainder when y(6) is divided by 6?
4
Let g(h) = h**2 - 11. Suppose 2 = -y - 3*t, -2*t - t + 13 = -2*y. Calculate the remainder when 52 is divided by g(y).
10
What is the remainder when 13 is divided by (-42)/(-10) - 7/35?
1
Suppose 81 = 4*x + 17. Let v be ((13 - 1)/2)/2. Suppose -6 = -v*c + 21. Calculate the remainder when x is divided by c.
7
Suppose -15*c = -10*c - 10. Let g = -8 + 15. Calculate the remainder when g is divided by c.
1
Suppose -16 + 1 = -3*a, -4*a = -2*k + 12. Calculate the remainder when 58 is divided by k.
10
Let w = 5 - 12. Let o(b) = b**3 + 6*b**2 - 8*b - 5. Let x be o(w). Calculate the remainder when 11 is divided by (1/2)/(x/16).
3
Suppose 5*b - 3 = -2*n + 20, 4*b + 116 = 4*n. What is the remainder when 93 is divided by n?
21
Let m = 9 + -3. Suppose -5*i + 9 + m = 0. Let f(w) = w**3 + 14*w**2 - 16*w - 10. Calculate the remainder when f(-15) is divided by i.
2
Suppose 5*b - 65 = -2*j, 4*b + 0*j + 3*j = 45. Calculate the remainder when b is divided by 9.
6
Suppose 0 = q - 3, -4*h - q + 40 = -5*q. Let d(o) = -o**2 + 20*o - 11. Let w be d(8). Let x = -47 + w. What is the remainder when x is divided by h?
12
Let o be (-6)/9*(-9)/2. Let j = 16 - o. Calculate the remainder when 25 is divided by (j/4)/((-2)/(-8)).
12
Let h = 5 + -2. Suppose 2*o - 42 = -o. Suppose -h*c = -6*c, 0 = -2*i + 5*c + o. Calculate the remainder when i is divided by 3.
1
Suppose -2*f - 4*t = -8 - 4, 5*t - 3 = -f. Let x(s) = -15*s + 1. Let u be x(-2). Let m = u - 17. What is the remainder when m is divided by f?
6
Suppose 5*h = 7*h - 14. Let u be 3 - (0/1)/1. Suppose 0 = u*s - 9 - 27. Calculate the remainder when s is divided by h.
5
Let b = 5 + 6. Calculate the remainder when 21 is divided by b.
10
Let p(j) = -j**3 - 4*j**2 + 6*j + 7. Suppose -4*r - s - 23 = 0, s = 2*r - 4*r - 13. Let z be p(r). Let x = z + 17. What is the remainder when x is divided by 7?
5
Let x = -12 - -5. Let d(y) = -10*y**2 - 27*y - 37. Let i(u) = 3*u**2 + 9*u + 12. Let b(k) = -2*d(k) - 7*i(k). Calculate the remainder when b(x) is divided by 3.
1
Let u = 1 - 1. Let r(l) = -l + 33. What is the remainder when r(u) is divided by 17?
16
Suppose -2 = j - f, 4*f - 5 = j + 2*f. What is the remainder when j is divided by 1?
0
Suppose -15 = -j + 4*g, -5*j - 5*g + 40 = -35. Let m(l) = 12*l. Let r be m(1). Let b = 15 + r. What is the remainder when b is divided by j?
12
Suppose -2*x = -0*x + i - 61, 3*x - 3*i = 105. What is the remainder when x is divided by 12?
8
Let q(n) = n**3 + 7*n**2 + 6*n + 5. Calculate the remainder when ((-9)/(-6)*-6)/(3/(-4)) is divided by q(-6).
2
Let t be -3 - (3 + -6 - 3). Suppose 3*w + t = 60. Calculate the remainder when w is divided by 4*(-4)/((-48)/15).
4
Let n = -123 + 219. Calculate the remainder when n is divided by 33.
30
Suppose -3*w + 15 - 48 = 0. Let o = w + 17. Calculate the remainder when 15 is divided by o.
3
Let k(x) = x + 15. What is the remainder when k(-9) is divided by 4?
2
Let o(u) = -u**3 - 5*u**2 - 3*u + 1. Calculate the remainder when 60 is divided by o(-5).
12
Suppose 110 = -5*a + 10*a. Let o = -3 + 15. Calculate the remainder when a is divided by o.
10
Let t = -46 - -64. Suppose -4*o + v = -0*o - 132, -2*v = -2*o + 60. What is the remainder when o is divided by t?
16
Suppose 2*r + 2 = -0*r. What is the remainder when (r/(-3))/((-2)/(-6)) is divided by 1?
0
Suppose -3*h + 3*u + 10 = -h, -5*h + 5*u = -30. Let a = -5 + h. Let q(j) = -j**3 + j**2 + 3*j + 1. What is the remainder when q(-2) is divided by a?
1
Let x be -35 + 2 + -3 + 1. Let w = 99 + x. Suppose 2*m = -2*g + 87 - 19, 0 = -2*g - m + w. Calculate the remainder when g is divided by 16.
14
Let s(v) = -21*v + 8. Calculate the remainder when s(-2) is divided by 17.
16
Suppose 0*y - 2 = 3*t - 2*y, -4*t + 4*y = -4. What is the remainder when 3 + -3 - (0 + t) is divided by 3?
1
Let o(k) = k**3 + 10*k**2 - k + 10. What is the remainder when 58 is divided by o(-10)?
18
Suppose -2*a - 5*x = 2*a - 123, 5*a - 158 = -2*x. What is the remainder when a is divided by 7?
4
Suppose 3*l + 16 = 6*v - 2*v, -3*v + 12 = 3*l. Suppose 9 - 89 = -v*a. Suppose 21 = 4*o - o. What is the remainder when a is divided by o?
6
Let k be (-2 + 0)/(6/(-9)). Suppose 3*u - k*r = r - 14, 2*r - 4 = 3*u. Calculate the remainder when (-29)/(9/(-3) + u) is divided by 15.
14
Let v(k) = -k**3 - 5*k**2 + 6*k + 8. Let s(f) = -2*f - 5. Let r be s(-4). Suppose r*z - 75 = -2*z. Calculate the remainder when z is divided by v(-6).
7
Suppose -6*c = -2*c - 8. What is the remainder when 6/(-12)*(c + -180) is divided by 23?
20
Suppose -11 = q + 5*g, -q + 0*q = 4*g + 6. Suppose 2*j + 4*x - 14 = 0, -5*j + 3*x = 12 + 18. What is the remainder when j/((-3)/25) - -2 is divided by q?
13
What is the remainder when 5/(-15)*-1*6 is divided by 1*(-3 + 1)/(-2)?
0
Suppose 25 = 2*u - 29. Let b = u + -17. Suppose 8 - 20 = -4*g - 2*o, 0 = -5*o - b. Calculate the remainder when 6 is divided by g.
2
Suppose 6*s - 456 = -0*s. What is the remainder when s is divided by 26?
24
Let o = -11 + 11. Let k be (o - 3)/(1 - 2). Calculate the remainder when (2/k)/(6/279) is divided by 17.
14
Let q(u) = 3*u - 1. Calculate the remainder when 14 is divided by q(2).
4
Suppose 170 = 5*r - 20. What is the remainder when r is divided by 10?
8
Let i = -23 - -45. Calculate the remainder when 42 is divided by i.
20
Let i(c) = c**3 - 2*c**2 - 3*c + 2. What is the remainder when 8 is divided by i(3)?
0
Suppose 11*b - 152 = 3*b. Calculate the remainder when b is divided by -3*(0 - (-20)/(-6)).
9
Let k(u) = -6*u - 20. What is the remainder when 78 is divided by k(-6)?
14
Suppose -4*w + w = -q + 16, 0 = 3*q + 4*w + 17. Let n = q - -1. Suppose -14 = -3*x - 2*k, 4*k + 3 = 2*x - 1. What is the remainder when x is divided by n?
0
Suppose -4*o - 741 = -7*o. Suppose v = -2*h + 111, -4*h + 3*v + 0*v + o = 0. What is the remainder when h is divided by 15?
13
Suppose -3*b - 9 = 0, 2*r - 2*b = r + 10. Suppose 4 = 2*n, q - 8 = 5*n - r. What is the remainder when 27 is divided by q?
13
Suppose 3*a = -q + 6*a + 12, -4*q + 2*a = -38. Suppose q*f = 4*f + 40. What is the remainder when f is divided by 2?
0
Suppose -4*g + 0*g = -52. Calculate the remainder when g is divided by 3.
1
Let l = 7 - 5. Suppose 0 = -l*k - 2*i + 16, 0*k - i - 7 = -2*k. Let r(n) = 9*n**2 - 1. What is the remainder when r(-1) is divided by k?
3
Suppose 10*n - 7*n = 9. Suppose k - 63 = -n*k + 3*l, -2*l + 78 = 4*k. Suppose -4*a + 15 = -13. Calculate the remainder when k is divided by a.
4
Suppose -3*b + 3 - 78 = 0. Let l = 35 + b. What is the remainder when 28 is divided by l?
8
What is the remainder when 131 is divided by (-45)/3*(0 - 1)*